{"id":1582,"date":"2026-02-10T10:35:13","date_gmt":"2026-02-10T10:35:13","guid":{"rendered":"https:\/\/irodriguez.inscastellbisbal.net\/?page_id=1582"},"modified":"2026-04-24T06:49:21","modified_gmt":"2026-04-24T06:49:21","slug":"crear-un-sistema-davaluacio-infantil-per-al-jurat","status":"publish","type":"page","link":"https:\/\/irodriguez.inscastellbisbal.net\/?page_id=1582","title":{"rendered":"Crear un sistema d\u2019avaluaci\u00f3 infantil per al jurat"},"content":{"rendered":"\n<figure class=\"wp-block-table\"><table class=\"has-fixed-layout\"><thead><tr><td><strong>Criteris<\/strong><\/td><td><strong>Excel\u00b7lent (4 pts)<\/strong><\/td><td><strong>Satisfactori (3 pts)<\/strong><\/td><td><strong>Millorable (2 pts)<\/strong><\/td><td><strong>Insuficient (1 pt)<\/strong><\/td><\/tr><\/thead><tbody><tr><td><strong>Contingut<\/strong><\/td><td>El contingut \u00e9s complet, rellevant i d&#8217;alta qualitat.<\/td><td>El contingut \u00e9s adequat i correcte.<\/td><td>El contingut \u00e9s incomplet o poc detallat.<\/td><td>El contingut \u00e9s erroni o insuficient.<\/td><\/tr><tr><td><strong>Organitzaci\u00f3<\/strong><\/td><td>L&#8217;estructura \u00e9s \u00f2ptima i la informaci\u00f3 flueix l\u00f2gicament.<\/td><td>L&#8217;organitzaci\u00f3 \u00e9s clara i coherent.<\/td><td>L&#8217;organitzaci\u00f3 \u00e9s confusa en alguns punts.<\/td><td>L&#8217;estructura \u00e9s ca\u00f2tica i dif\u00edcil de seguir.<\/td><\/tr><tr><td><strong>Ortografia<\/strong><\/td><td>No presenta cap falta d&#8217;ortografia ni de gram\u00e0tica.<\/td><td>Presenta algunes faltes puntuals que no afecten la lectura.<\/td><td>Presenta diverses faltes que dificulten la comprensi\u00f3.<\/td><td>Presenta nombroses faltes d&#8217;ortografia i gram\u00e0tica.<\/td><\/tr><tr><td><strong>Ajuda del dinamitzador<\/strong><\/td><td>Ha treballat amb total autonomia (0% d&#8217;ajuda).<\/td><td>Ha requerit ajuda puntual (aprox. 25%).<\/td><td>Ha necessitat ajuda constant (aprox. 50%).<\/td><td>Ha requerit supervisi\u00f3 total (100% d&#8217;ajuda).<\/td><\/tr><\/tbody><\/table><\/figure>\n\n\n\n<p>He fet aquesta graella perqu\u00e8 volia que els criteris per puntuar fossin molt m\u00e9s f\u00e0cils d\u2019entendre i que tot es vei\u00e9s m\u00e9s net i professional. He tret paraules com &#8220;super b\u00e9&#8221; o &#8220;mal&#8221; i les he canviat per altres de m\u00e9s correctes per a classe, com &#8220;excel\u00b7lent&#8221; o &#8220;millorable&#8221;, perqu\u00e8 aix\u00ed s\u2019ent\u00e9n millor qu\u00e8 s\u2019ha de fer per treure bona nota.<\/p>\n","protected":false},"excerpt":{"rendered":"<p>Criteris Excel\u00b7lent (4 pts) Satisfactori (3 pts) Millorable (2 pts) Insuficient (1 pt) Contingut El contingut \u00e9s complet, rellevant i d&#8217;alta qualitat. El contingut \u00e9s &hellip;<\/p>\n","protected":false},"author":1,"featured_media":0,"parent":1544,"menu_order":0,"comment_status":"closed","ping_status":"closed","template":"","meta":{"footnotes":""},"class_list":["post-1582","page","type-page","status-publish","hentry"],"yoast_head":"<!-- This site is optimized with the Yoast SEO plugin v27.0 - https:\/\/yoast.com\/product\/yoast-seo-wordpress\/ -->\n<title>Crear un sistema d\u2019avaluaci\u00f3 infantil per al jurat - Ivan Rodriguez Jimenez<\/title>\n<meta name=\"robots\" content=\"index, follow, max-snippet:-1, max-image-preview:large, max-video-preview:-1\" \/>\n<link rel=\"canonical\" href=\"https:\/\/irodriguez.inscastellbisbal.net\/?page_id=1582\" \/>\n<meta property=\"og:locale\" content=\"ca_ES\" \/>\n<meta property=\"og:type\" content=\"article\" \/>\n<meta property=\"og:title\" content=\"Crear un sistema d\u2019avaluaci\u00f3 infantil per al jurat - Ivan Rodriguez Jimenez\" \/>\n<meta property=\"og:description\" content=\"Criteris Excel\u00b7lent (4 pts) Satisfactori (3 pts) Millorable (2 pts) Insuficient (1 pt) Contingut El contingut \u00e9s complet, rellevant i d&#8217;alta qualitat. El contingut \u00e9s &hellip;\" \/>\n<meta property=\"og:url\" content=\"https:\/\/irodriguez.inscastellbisbal.net\/?page_id=1582\" \/>\n<meta property=\"og:site_name\" content=\"Ivan Rodriguez Jimenez\" \/>\n<meta property=\"article:modified_time\" content=\"2026-04-24T06:49:21+00:00\" \/>\n<meta name=\"twitter:card\" content=\"summary_large_image\" \/>\n<meta name=\"twitter:label1\" content=\"Temps estimat de lectura\" \/>\n\t<meta name=\"twitter:data1\" content=\"2 minuts\" \/>\n<script type=\"application\/ld+json\" class=\"yoast-schema-graph\">{\"@context\":\"https:\/\/schema.org\",\"@graph\":[{\"@type\":\"WebPage\",\"@id\":\"https:\/\/irodriguez.inscastellbisbal.net\/?page_id=1582\",\"url\":\"https:\/\/irodriguez.inscastellbisbal.net\/?page_id=1582\",\"name\":\"Crear un sistema d\u2019avaluaci\u00f3 infantil per al jurat - Ivan Rodriguez Jimenez\",\"isPartOf\":{\"@id\":\"https:\/\/irodriguez.inscastellbisbal.net\/#website\"},\"datePublished\":\"2026-02-10T10:35:13+00:00\",\"dateModified\":\"2026-04-24T06:49:21+00:00\",\"breadcrumb\":{\"@id\":\"https:\/\/irodriguez.inscastellbisbal.net\/?page_id=1582#breadcrumb\"},\"inLanguage\":\"ca\",\"potentialAction\":[{\"@type\":\"ReadAction\",\"target\":[\"https:\/\/irodriguez.inscastellbisbal.net\/?page_id=1582\"]}]},{\"@type\":\"BreadcrumbList\",\"@id\":\"https:\/\/irodriguez.inscastellbisbal.net\/?page_id=1582#breadcrumb\",\"itemListElement\":[{\"@type\":\"ListItem\",\"position\":1,\"name\":\"Inici\",\"item\":\"https:\/\/irodriguez.inscastellbisbal.net\/\"},{\"@type\":\"ListItem\",\"position\":2,\"name\":\"SMX1\",\"item\":\"https:\/\/irodriguez.inscastellbisbal.net\/?page_id=1205\"},{\"@type\":\"ListItem\",\"position\":3,\"name\":\"Repte 1.4\",\"item\":\"https:\/\/irodriguez.inscastellbisbal.net\/?page_id=1209\"},{\"@type\":\"ListItem\",\"position\":4,\"name\":\"Hackat\u00f3 EcoTech\",\"item\":\"https:\/\/irodriguez.inscastellbisbal.net\/?page_id=1544\"},{\"@type\":\"ListItem\",\"position\":5,\"name\":\"Crear un sistema d\u2019avaluaci\u00f3 infantil per al jurat\"}]},{\"@type\":\"WebSite\",\"@id\":\"https:\/\/irodriguez.inscastellbisbal.net\/#website\",\"url\":\"https:\/\/irodriguez.inscastellbisbal.net\/\",\"name\":\"Ivan Rodriguez Jimenez\",\"description\":\"Hola, em dic Iv\u00e1n, tinc 16 anys i actualment estic cursant el meu primer any de cicle formatiu en inform\u00e0tica.  En aquest espai anir\u00e9 compartint el que aprenc: des de conceptes b\u00e0sics de maquinari i programari, fins a programaci\u00f3, xarxes i projectes personals. El meu objectiu \u00e9s anar creixent pas a pas en aquest m\u00f3n de la tecnologia i, al hora, deixar aqu\u00ed un registre del meu progr\u00e9s.  Espero que trobis interessant el contingut i que aquest rac\u00f3 sigui \u00fatil tant per a mi com per a qualsevol que tamb\u00e9 estigui comen\u00e7ant al cam\u00ed de la inform\u00e0tica.\",\"publisher\":{\"@id\":\"https:\/\/irodriguez.inscastellbisbal.net\/#organization\"},\"potentialAction\":[{\"@type\":\"SearchAction\",\"target\":{\"@type\":\"EntryPoint\",\"urlTemplate\":\"https:\/\/irodriguez.inscastellbisbal.net\/?s={search_term_string}\"},\"query-input\":{\"@type\":\"PropertyValueSpecification\",\"valueRequired\":true,\"valueName\":\"search_term_string\"}}],\"inLanguage\":\"ca\"},{\"@type\":\"Organization\",\"@id\":\"https:\/\/irodriguez.inscastellbisbal.net\/#organization\",\"name\":\"Ivan Rodriguez Jimenez\",\"url\":\"https:\/\/irodriguez.inscastellbisbal.net\/\",\"logo\":{\"@type\":\"ImageObject\",\"inLanguage\":\"ca\",\"@id\":\"https:\/\/irodriguez.inscastellbisbal.net\/#\/schema\/logo\/image\/\",\"url\":\"https:\/\/irodriguez.inscastellbisbal.net\/wp-content\/uploads\/2025\/09\/cropped-cropped-ChatGPT-Image-Sep-19-2025-08_40_26-AM.jpg\",\"contentUrl\":\"https:\/\/irodriguez.inscastellbisbal.net\/wp-content\/uploads\/2025\/09\/cropped-cropped-ChatGPT-Image-Sep-19-2025-08_40_26-AM.jpg\",\"width\":1536,\"height\":1024,\"caption\":\"Ivan Rodriguez Jimenez\"},\"image\":{\"@id\":\"https:\/\/irodriguez.inscastellbisbal.net\/#\/schema\/logo\/image\/\"}}]}<\/script>\n<!-- \/ Yoast SEO plugin. -->","yoast_head_json":{"title":"Crear un sistema d\u2019avaluaci\u00f3 infantil per al jurat - Ivan Rodriguez Jimenez","robots":{"index":"index","follow":"follow","max-snippet":"max-snippet:-1","max-image-preview":"max-image-preview:large","max-video-preview":"max-video-preview:-1"},"canonical":"https:\/\/irodriguez.inscastellbisbal.net\/?page_id=1582","og_locale":"ca_ES","og_type":"article","og_title":"Crear un sistema d\u2019avaluaci\u00f3 infantil per al jurat - Ivan Rodriguez Jimenez","og_description":"Criteris Excel\u00b7lent (4 pts) Satisfactori (3 pts) Millorable (2 pts) Insuficient (1 pt) Contingut El contingut \u00e9s complet, rellevant i d&#8217;alta qualitat. El contingut \u00e9s &hellip;","og_url":"https:\/\/irodriguez.inscastellbisbal.net\/?page_id=1582","og_site_name":"Ivan Rodriguez Jimenez","article_modified_time":"2026-04-24T06:49:21+00:00","twitter_card":"summary_large_image","twitter_misc":{"Temps estimat de lectura":"2 minuts"},"schema":{"@context":"https:\/\/schema.org","@graph":[{"@type":"WebPage","@id":"https:\/\/irodriguez.inscastellbisbal.net\/?page_id=1582","url":"https:\/\/irodriguez.inscastellbisbal.net\/?page_id=1582","name":"Crear un sistema d\u2019avaluaci\u00f3 infantil per al jurat - Ivan Rodriguez Jimenez","isPartOf":{"@id":"https:\/\/irodriguez.inscastellbisbal.net\/#website"},"datePublished":"2026-02-10T10:35:13+00:00","dateModified":"2026-04-24T06:49:21+00:00","breadcrumb":{"@id":"https:\/\/irodriguez.inscastellbisbal.net\/?page_id=1582#breadcrumb"},"inLanguage":"ca","potentialAction":[{"@type":"ReadAction","target":["https:\/\/irodriguez.inscastellbisbal.net\/?page_id=1582"]}]},{"@type":"BreadcrumbList","@id":"https:\/\/irodriguez.inscastellbisbal.net\/?page_id=1582#breadcrumb","itemListElement":[{"@type":"ListItem","position":1,"name":"Inici","item":"https:\/\/irodriguez.inscastellbisbal.net\/"},{"@type":"ListItem","position":2,"name":"SMX1","item":"https:\/\/irodriguez.inscastellbisbal.net\/?page_id=1205"},{"@type":"ListItem","position":3,"name":"Repte 1.4","item":"https:\/\/irodriguez.inscastellbisbal.net\/?page_id=1209"},{"@type":"ListItem","position":4,"name":"Hackat\u00f3 EcoTech","item":"https:\/\/irodriguez.inscastellbisbal.net\/?page_id=1544"},{"@type":"ListItem","position":5,"name":"Crear un sistema d\u2019avaluaci\u00f3 infantil per al jurat"}]},{"@type":"WebSite","@id":"https:\/\/irodriguez.inscastellbisbal.net\/#website","url":"https:\/\/irodriguez.inscastellbisbal.net\/","name":"Ivan Rodriguez Jimenez","description":"Hola, em dic Iv\u00e1n, tinc 16 anys i actualment estic cursant el meu primer any de cicle formatiu en inform\u00e0tica.  En aquest espai anir\u00e9 compartint el que aprenc: des de conceptes b\u00e0sics de maquinari i programari, fins a programaci\u00f3, xarxes i projectes personals. El meu objectiu \u00e9s anar creixent pas a pas en aquest m\u00f3n de la tecnologia i, al hora, deixar aqu\u00ed un registre del meu progr\u00e9s.  Espero que trobis interessant el contingut i que aquest rac\u00f3 sigui \u00fatil tant per a mi com per a qualsevol que tamb\u00e9 estigui comen\u00e7ant al cam\u00ed de la inform\u00e0tica.","publisher":{"@id":"https:\/\/irodriguez.inscastellbisbal.net\/#organization"},"potentialAction":[{"@type":"SearchAction","target":{"@type":"EntryPoint","urlTemplate":"https:\/\/irodriguez.inscastellbisbal.net\/?s={search_term_string}"},"query-input":{"@type":"PropertyValueSpecification","valueRequired":true,"valueName":"search_term_string"}}],"inLanguage":"ca"},{"@type":"Organization","@id":"https:\/\/irodriguez.inscastellbisbal.net\/#organization","name":"Ivan Rodriguez Jimenez","url":"https:\/\/irodriguez.inscastellbisbal.net\/","logo":{"@type":"ImageObject","inLanguage":"ca","@id":"https:\/\/irodriguez.inscastellbisbal.net\/#\/schema\/logo\/image\/","url":"https:\/\/irodriguez.inscastellbisbal.net\/wp-content\/uploads\/2025\/09\/cropped-cropped-ChatGPT-Image-Sep-19-2025-08_40_26-AM.jpg","contentUrl":"https:\/\/irodriguez.inscastellbisbal.net\/wp-content\/uploads\/2025\/09\/cropped-cropped-ChatGPT-Image-Sep-19-2025-08_40_26-AM.jpg","width":1536,"height":1024,"caption":"Ivan Rodriguez Jimenez"},"image":{"@id":"https:\/\/irodriguez.inscastellbisbal.net\/#\/schema\/logo\/image\/"}}]}},"_links":{"self":[{"href":"https:\/\/irodriguez.inscastellbisbal.net\/index.php?rest_route=\/wp\/v2\/pages\/1582","targetHints":{"allow":["GET"]}}],"collection":[{"href":"https:\/\/irodriguez.inscastellbisbal.net\/index.php?rest_route=\/wp\/v2\/pages"}],"about":[{"href":"https:\/\/irodriguez.inscastellbisbal.net\/index.php?rest_route=\/wp\/v2\/types\/page"}],"author":[{"embeddable":true,"href":"https:\/\/irodriguez.inscastellbisbal.net\/index.php?rest_route=\/wp\/v2\/users\/1"}],"replies":[{"embeddable":true,"href":"https:\/\/irodriguez.inscastellbisbal.net\/index.php?rest_route=%2Fwp%2Fv2%2Fcomments&post=1582"}],"version-history":[{"count":5,"href":"https:\/\/irodriguez.inscastellbisbal.net\/index.php?rest_route=\/wp\/v2\/pages\/1582\/revisions"}],"predecessor-version":[{"id":2154,"href":"https:\/\/irodriguez.inscastellbisbal.net\/index.php?rest_route=\/wp\/v2\/pages\/1582\/revisions\/2154"}],"up":[{"embeddable":true,"href":"https:\/\/irodriguez.inscastellbisbal.net\/index.php?rest_route=\/wp\/v2\/pages\/1544"}],"wp:attachment":[{"href":"https:\/\/irodriguez.inscastellbisbal.net\/index.php?rest_route=%2Fwp%2Fv2%2Fmedia&parent=1582"}],"curies":[{"name":"wp","href":"https:\/\/api.w.org\/{rel}","templated":true}]}}